tor of d and t.
27
Let c = -1 + -27. Let k be -2 + 9/(-6)*c. Calculate the highest common factor of k and 60.
20
Let r = -16431 - -16461. Suppose -w - 5*k = -145, 3*w - k - 453 = 2*k. Calculate the highest common divisor of r and w.
30
Suppose 0 = 4*k + a + 75, 0 = 3*a + 9. Let l be 8/k - (-184)/9. Calculate the highest common divisor of 80 and l.
20
Suppose 104 = 4*u - 3*t, 3*u - 5*t - 80 + 2 = 0. Calculate the greatest common factor of 208 and u.
26
Suppose -6*k + 120 = -2*k. Let v = 325 + -149. Let x = -26 + v. What is the greatest common factor of k and x?
30
Let g be -3 - -3 - 16864/(-16). What is the greatest common factor of 34 and g?
34
Let l(q) = q**3 + 5*q**2 - 8*q + 5. Let b be l(3). Calculate the greatest common divisor of b and 318.
53
Let z be ((-32)/(-6))/(12/36). Let f = z - -15. Suppose 7 = 2*i + 2*w - 7, i - f = 5*w. Calculate the highest common divisor of i and 55.
11
Suppose 10*r - 9*r - 72 = 0. What is the greatest common divisor of 48 and r?
24
Let b be (66/(-44))/(12/(-32)). Calculate the greatest common factor of b and 44.
4
Suppose 0 = -57*o + 51*o + 24. Calculate the greatest common factor of o and 158.
2
Suppose -4*t + 2320 = -s, -t = 2*s + s - 580. Suppose -5*m = -m - t. Calculate the highest common divisor of m and 29.
29
Let o(l) = -14*l**3 + 2*l**2 + 5*l + 2. Let g be (-4)/(-5)*185/(-74). Let h be o(g). Calculate the greatest common factor of h and 7.
7
Let q(c) = c**3 + 6*c**2 + 11*c + 11. Let g be q(-3). What is the highest common divisor of g and 80?
5
Suppose j = -5*v + 3440, -5*j = 4*v - 1031 - 1721. Calculate the greatest common divisor of v and 16.
16
Suppose -25*o - 125 = -m - 28*o, 0 = -2*m - 4*o + 252. Calculate the greatest common divisor of m and 14.
2
Suppose 0 = 5*v, 7*i = 4*i - v - 324. Let o = 117 + i. Let n(j) = -j**3 - 5*j**2 + 1. Let b be n(-5). What is the highest common factor of b and o?
1
Let c = 55 - 140. Let r = -81 - c. Let p = 21 - 1. What is the highest common divisor of r and p?
4
Suppose 0 = 57*m - 1115 - 880. Calculate the highest common factor of 25 and m.
5
Let f be 3/(-9)*-9*318/18. Calculate the highest common factor of f and 159.
53
Suppose 16 - 7 = -u. Let m be -3 + (u/3 - (-18 + 1)). Let x = -245 - -366. What is the greatest common factor of x and m?
11
Let r = 953 + -941. Let o be ((-24)/(-14))/(4/84). Suppose 5*d = 2*d + o. What is the greatest common divisor of r and d?
12
Let h be (-8 + -14)*26/4. Let a = 206 + h. Suppose 147 = 3*x + 21. Calculate the highest common factor of a and x.
21
Let c be 32/(-2)*(9/(-12) - 0). Suppose c*k - 27 = 3*k. Calculate the greatest common divisor of k and 33.
3
Let w(m) = 3*m**3 - m**2 + m - 1. Let z be w(1). Suppose 0 = -4*y - 13 - 15. Let x = y - -29. Calculate the greatest common factor of x and z.
2
Let j be 60/(-210) + 639/7. What is the highest common divisor of 52 and j?
13
Let z(o) = 2*o**2 + 2*o + 1. Let l be z(-2). What is the highest common factor of l and 40?
5
Let j(p) = -p**3 + 20*p + 58. Let i be j(-5). What is the greatest common divisor of 2241 and i?
83
Let b(a) = -a**3 + 6*a**2 - 8*a + 5. Let r be b(6). Let c = 59 + r. What is the greatest common factor of c and 112?
16
Suppose 0*a + 258 = 4*a + 2*x, 324 = 5*a + x. What is the highest common divisor of 117 and a?
13
Suppose 0*h + h - 3 = d, -2*h + 10 = -4*d. Let j be (d - 38 - 2)/(-1). Let y = 2306 + -2285. What is the highest common divisor of y and j?
21
Let q(b) = 2*b + 59. Let v be q(9). Calculate the highest common divisor of v and 44.
11
Suppose 4426 = 9*j - 6518. Calculate the highest common factor of 64 and j.
64
Let g = -770 - -805. What is the greatest common factor of g and 21?
7
Suppose -14*d = -17*d + 108. Calculate the greatest common divisor of d and 162.
18
Suppose 0*m = -m - o + 8, 3*o + 6 = 3*m. Suppose -3*v - 74 = -s - 574, -844 = -m*v - s. What is the highest common factor of 24 and v?
24
Let d(n) = 26*n - 114. Let y be d(6). Calculate the greatest common factor of 112 and y.
14
Let n be 7/(63/2178) + 0. Calculate the greatest common divisor of 110 and n.
22
Let l be (660/8)/5*(-312)/(-13). What is the highest common factor of l and 54?
18
Let b(p) = -p**3 + 13*p**2 - 28*p - 13. Let j be b(10). Let k = 26 - -2. What is the greatest common divisor of k and j?
7
Let t = -15 + 27. Let c be (-1 + 1)*3/(-9). Suppose 3*v - t + 3 = c. Calculate the highest common divisor of 3 and v.
3
Suppose 3*k + 14 = 4*k. Let b = -341 - -453. Calculate the highest common divisor of k and b.
14
Let t(w) = 7*w**2 + 2*w - 4. Let n be t(-4). Let m = 148 - n. What is the highest common factor of m and 16?
16
Let k(j) be the first derivative of j**2/2 + 11*j - 1. Let v = 143 - 130. Let x be k(v). What is the greatest common divisor of 12 and x?
12
Let y be (-2 - 11 - 3)/((-3)/195). Calculate the greatest common factor of 240 and y.
80
Suppose -64*o + 59*o + 175 = 0. Calculate the greatest common divisor of 56 and o.
7
Let t = 330 + -110. Suppose -3*c + 2*n + 378 = 0, t = 5*c - 5*n - 410. Let b be -1 - (255/(-68))/((-2)/(-8)). Calculate the highest common divisor of b and c.
14
Let w = -6 - -11. Suppose -4*c - 19 - w = 5*d, 4*c + 4*d + 20 = 0. Let o(r) = -3*r - 2. Let u be o(c). What is the greatest common factor of u and 8?
1
Let y = 1306 - 1254. Calculate the greatest common divisor of y and 12.
4
Let p(u) = -8*u**3 + 57*u**2 - 4*u + 3. Let t be p(7). Suppose 0*v + 2*v + 14 = n, -v - 16 = -2*n. Calculate the greatest common divisor of n and t.
6
Suppose -216 = 6*q - 2*q. Let f be (-6)/9*q/1. What is the greatest common divisor of 24 and f?
12
Let b = 1610 - 1486. Calculate the greatest common divisor of b and 1054.
62
Let s = 85 - 87. Let z be s/4 - 31/(-2). What is the highest common factor of z and 120?
15
Suppose -232 + 64 = -7*k. Calculate the highest common factor of 88 and k.
8
Let c be (-4)/22 - 378/99. Let m be ((-161)/(-28))/((-1)/c). Let l = 47 + 160. Calculate the greatest common divisor of l and m.
23
Suppose 0*d + 108 = 3*d. Let p be 2 - (-12 + 6 + 8). Suppose 0 = -a - p*a + d. What is the greatest common factor of a and 9?
9
Let k(n) = -8*n**3 - 1. Let d be k(-1). Suppose 0 = 57*j - 54*j - 84. What is the highest common factor of d and j?
7
Let z(n) = n**2 + 10*n + 12. Let k be z(-9). Suppose k*d = -3*d + 96. Suppose -5*h = -24 - d. Calculate the highest common factor of h and 12.
4
Let i be 132/176*(-65 + (0 - -1)). Let c = i + 183. Calculate the greatest common divisor of c and 27.
27
Let c(g) be the first derivative of -g**3/3 + 17*g**2/2 + 10*g - 49. Let t be c(16). Calculate the highest common factor of t and 234.
26
Let u(o) = -16*o + 424. Let z be u(20). What is the highest common factor of 676 and z?
52
Suppose 5*j + 5 - 15 = 0, i - 164 = -2*j. What is the greatest common factor of i and 20?
20
Let u be ((-22)/(-3))/(((-374)/(-51))/11). Suppose 5 - 10 = -5*c. What is the highest common divisor of c and u?
1
Suppose 4*b + 5*n - 2627 = 0, -b + 653 = -0*b + 2*n. What is the highest common factor of b and 204?
51
Suppose -11*g + 2532 = -2770. Let x = g - 152. Calculate the greatest common divisor of 30 and x.
30
Suppose -28 = 6*n - 52. Calculate the greatest common divisor of 32 and n.
4
Let i = 61 + -41. Suppose 0 = 4*n - 6*n + 8, 3*b - n - i = 0. Calculate the greatest common divisor of b and 88.
8
Suppose 0 = -4*y + 356 + 76. Let j = 11 + 1. What is the greatest common divisor of j and y?
12
Let f be (-6)/12 - 7/(-2). Suppose 0 = 2*v + 6, -4*v - 75 = -3*s - f*v. What is the greatest common factor of 6 and s?
6
Suppose -227 = -2*l - 215. Calculate the highest common divisor of l and 26.
2
Let z be -2 + -1 - (-1 + -50). Suppose -5*u + m = -29, 10 = -u + 2*m + 14. What is the greatest common divisor of u and z?
6
Let h(c) = 4*c**3 - c**2 + c - 1. Let v be h(1). Suppose v*i - 8 = 19. Calculate the highest common factor of 81 and i.
9
Let s(m) = -163*m**3 - 2*m**2 + 1. Let k be s(1). Let q = k + 308. What is the greatest common divisor of q and 16?
16
Suppose 0 = 119*b + 260 - 1093. Calculate the highest common factor of 371 and b.
7
Suppose -4*j + 2 = 2*f - f, 0 = 4*f - 2*j - 80. What is the greatest common divisor of f and 9?
9
Let l(i) = 8*i**2 - 3*i - 36. Let m be l(-8). Calculate the greatest common divisor of 20 and m.
20
Let l = 280 - 274. Calculat